{"id":79,"date":"2018-04-25T18:55:58","date_gmt":"2018-04-25T21:55:58","guid":{"rendered":"http:\/\/planmur.com.br\/?page_id=79"},"modified":"2018-08-01T15:21:36","modified_gmt":"2018-08-01T18:21:36","slug":"pd-e-lpuocs","status":"publish","type":"page","link":"https:\/\/planmur.com.br\/?page_id=79","title":{"rendered":"PD e LPUOCS"},"content":{"rendered":"<div id=\"pl-79\"  class=\"panel-layout\" ><div id=\"pg-79-0\"  class=\"panel-grid panel-no-style\" ><div id=\"pgc-79-0-0\"  class=\"panel-grid-cell panel-grid-cell-empty\" ><\/div><div id=\"pgc-79-0-1\"  class=\"panel-grid-cell panel-grid-cell-mobile-last\" ><div id=\"panel-79-0-1-0\" class=\"so-panel widget widget_black-studio-tinymce widget_black_studio_tinymce panel-first-child panel-last-child\" data-index=\"0\" ><div class=\"textwidget\"><p>&nbsp;<\/p>\n<p><img loading=\"lazy\" decoding=\"async\" class=\"alignnone size-full wp-image-267\" src=\"http:\/\/planmur.com.br\/wp-content\/uploads\/2018\/04\/TIT_PD_LPUOCS.jpg\" alt=\"\" width=\"971\" height=\"38\" srcset=\"https:\/\/planmur.com.br\/wp-content\/uploads\/2018\/04\/TIT_PD_LPUOCS.jpg 971w, https:\/\/planmur.com.br\/wp-content\/uploads\/2018\/04\/TIT_PD_LPUOCS-300x12.jpg 300w, https:\/\/planmur.com.br\/wp-content\/uploads\/2018\/04\/TIT_PD_LPUOCS-768x30.jpg 768w\" sizes=\"auto, (max-width: 971px) 100vw, 971px\" \/><\/p>\n<p style=\"text-align: justify;\"><span style=\"font-family: helvetica, arial, sans-serif;\">Amparado nos princ\u00edpios da Lei Federal n\u00b0 10.257\/2001 (Estatuto da Cidade) que regulamentou o cap\u00edtulo de pol\u00edtica urbana da Constitui\u00e7\u00e3o Federal, a <strong>Planmur <\/strong>desenvolve Planos Diretores Municipais e demais legisla\u00e7\u00f5es urban\u00edsticas (Lei de Parcelamento, Uso e Ocupa\u00e7\u00e3o do Solo e C\u00f3digos de Obras e Edifica\u00e7\u00f5es) buscando sempre garantir a fun\u00e7\u00e3o social da cidade e da propriedade e a constru\u00e7\u00e3o de territ\u00f3rios municipais mais justos e com melhor distribui\u00e7\u00e3o das vantagens do desenvolvimento urbano.<\/span><\/p>\n<p><a href=\" http:\/\/planmur.com.br\/?page_id=708\" target=\"_blank\" rel=\"noopener\"><span style=\"font-family: helvetica, arial, sans-serif;\">PD - Ano: 2015<\/span><\/a><\/p>\n<\/div><\/div><\/div><div id=\"pgc-79-0-2\"  class=\"panel-grid-cell panel-grid-cell-empty\" ><\/div><\/div><\/div>","protected":false},"excerpt":{"rendered":"<p>&nbsp; Amparado nos princ\u00edpios da Lei Federal n\u00b0 10.257\/2001 (Estatuto da Cidade) que regulamentou o cap\u00edtulo de pol\u00edtica urbana da Constitui\u00e7\u00e3o Federal, a Planmur desenvolve Planos Diretores Municipais e demais legisla\u00e7\u00f5es urban\u00edsticas (Lei de Parcelamento, Uso e Ocupa\u00e7\u00e3o do Solo<\/p>\n","protected":false},"author":1,"featured_media":0,"parent":0,"menu_order":50,"comment_status":"closed","ping_status":"closed","template":"","meta":{"footnotes":""},"class_list":["post-79","page","type-page","status-publish","hentry"],"_links":{"self":[{"href":"https:\/\/planmur.com.br\/index.php?rest_route=\/wp\/v2\/pages\/79","targetHints":{"allow":["GET"]}}],"collection":[{"href":"https:\/\/planmur.com.br\/index.php?rest_route=\/wp\/v2\/pages"}],"about":[{"href":"https:\/\/planmur.com.br\/index.php?rest_route=\/wp\/v2\/types\/page"}],"author":[{"embeddable":true,"href":"https:\/\/planmur.com.br\/index.php?rest_route=\/wp\/v2\/users\/1"}],"replies":[{"embeddable":true,"href":"https:\/\/planmur.com.br\/index.php?rest_route=%2Fwp%2Fv2%2Fcomments&post=79"}],"version-history":[{"count":11,"href":"https:\/\/planmur.com.br\/index.php?rest_route=\/wp\/v2\/pages\/79\/revisions"}],"predecessor-version":[{"id":714,"href":"https:\/\/planmur.com.br\/index.php?rest_route=\/wp\/v2\/pages\/79\/revisions\/714"}],"wp:attachment":[{"href":"https:\/\/planmur.com.br\/index.php?rest_route=%2Fwp%2Fv2%2Fmedia&parent=79"}],"curies":[{"name":"wp","href":"https:\/\/api.w.org\/{rel}","templated":true}]}}