{"id":708,"date":"2018-08-01T15:15:37","date_gmt":"2018-08-01T18:15:37","guid":{"rendered":"http:\/\/planmur.com.br\/?page_id=708"},"modified":"2018-08-01T15:25:41","modified_gmt":"2018-08-01T18:25:41","slug":"pds2015","status":"publish","type":"page","link":"https:\/\/planmur.com.br\/?page_id=708","title":{"rendered":"PDS2015"},"content":{"rendered":"<div id=\"pl-708\"  class=\"panel-layout\" ><div id=\"pg-708-0\"  class=\"panel-grid panel-no-style\" ><div id=\"pgc-708-0-0\"  class=\"panel-grid-cell panel-grid-cell-empty\" ><\/div><div id=\"pgc-708-0-1\"  class=\"panel-grid-cell panel-grid-cell-mobile-last\" ><div id=\"panel-708-0-1-0\" class=\"so-panel widget widget_black-studio-tinymce widget_black_studio_tinymce panel-first-child panel-last-child\" data-index=\"0\" ><div class=\"textwidget\"><p><img loading=\"lazy\" decoding=\"async\" class=\"alignnone size-full wp-image-715\" src=\"http:\/\/planmur.com.br\/wp-content\/uploads\/2018\/08\/TIT_PD_2015.jpg\" alt=\"\" width=\"971\" height=\"38\" srcset=\"https:\/\/planmur.com.br\/wp-content\/uploads\/2018\/08\/TIT_PD_2015.jpg 971w, https:\/\/planmur.com.br\/wp-content\/uploads\/2018\/08\/TIT_PD_2015-300x12.jpg 300w, https:\/\/planmur.com.br\/wp-content\/uploads\/2018\/08\/TIT_PD_2015-768x30.jpg 768w\" sizes=\"auto, (max-width: 971px) 100vw, 971px\" \/><br \/>\n<span style=\"font-family: helvetica, arial, sans-serif;\"><strong>001 Revis\u00e3o do Plano Diretor da Est\u00e2ncia Balne\u00e1ria de Ilhabela<br \/>\n<\/strong><\/span><\/p>\n<p><div id='gallery-1' class='gallery galleryid-708 gallery-columns-4 gallery-size-medium'><figure class='gallery-item'>\n\t\t\t<div class='gallery-icon landscape'>\n\t\t\t\t<a href='https:\/\/planmur.com.br\/wp-content\/uploads\/2018\/07\/PLMB_2015_03.jpg' title=\"\" data-rl_title=\"\" class=\"rl-gallery-link\" data-rl_caption=\"\" data-rel=\"lightbox-gallery-1\"><img loading=\"lazy\" decoding=\"async\" width=\"300\" height=\"212\" src=\"https:\/\/planmur.com.br\/wp-content\/uploads\/2018\/07\/PLMB_2015_03-300x212.jpg\" class=\"attachment-medium size-medium\" alt=\"\" srcset=\"https:\/\/planmur.com.br\/wp-content\/uploads\/2018\/07\/PLMB_2015_03-300x212.jpg 300w, https:\/\/planmur.com.br\/wp-content\/uploads\/2018\/07\/PLMB_2015_03.jpg 700w\" sizes=\"auto, (max-width: 300px) 100vw, 300px\" \/><\/a>\n\t\t\t<\/div><\/figure><figure class='gallery-item'>\n\t\t\t<div class='gallery-icon landscape'>\n\t\t\t\t<a href='https:\/\/planmur.com.br\/wp-content\/uploads\/2018\/07\/PLMB_2015_04.jpg' title=\"\" data-rl_title=\"\" class=\"rl-gallery-link\" data-rl_caption=\"\" data-rel=\"lightbox-gallery-1\"><img loading=\"lazy\" decoding=\"async\" width=\"300\" height=\"212\" src=\"https:\/\/planmur.com.br\/wp-content\/uploads\/2018\/07\/PLMB_2015_04-300x212.jpg\" class=\"attachment-medium size-medium\" alt=\"\" srcset=\"https:\/\/planmur.com.br\/wp-content\/uploads\/2018\/07\/PLMB_2015_04-300x212.jpg 300w, https:\/\/planmur.com.br\/wp-content\/uploads\/2018\/07\/PLMB_2015_04.jpg 700w\" sizes=\"auto, (max-width: 300px) 100vw, 300px\" \/><\/a>\n\t\t\t<\/div><\/figure><figure class='gallery-item'>\n\t\t\t<div class='gallery-icon landscape'>\n\t\t\t\t<a href='https:\/\/planmur.com.br\/wp-content\/uploads\/2018\/07\/PLMB_2015_05.jpg' title=\"\" data-rl_title=\"\" class=\"rl-gallery-link\" data-rl_caption=\"\" data-rel=\"lightbox-gallery-1\"><img loading=\"lazy\" decoding=\"async\" width=\"300\" height=\"212\" src=\"https:\/\/planmur.com.br\/wp-content\/uploads\/2018\/07\/PLMB_2015_05-300x212.jpg\" class=\"attachment-medium size-medium\" alt=\"\" srcset=\"https:\/\/planmur.com.br\/wp-content\/uploads\/2018\/07\/PLMB_2015_05-300x212.jpg 300w, https:\/\/planmur.com.br\/wp-content\/uploads\/2018\/07\/PLMB_2015_05.jpg 700w\" sizes=\"auto, (max-width: 300px) 100vw, 300px\" \/><\/a>\n\t\t\t<\/div><\/figure><figure class='gallery-item'>\n\t\t\t<div class='gallery-icon landscape'>\n\t\t\t\t<a href='https:\/\/planmur.com.br\/wp-content\/uploads\/2018\/07\/PLMB_2015_06.jpg' title=\"\" data-rl_title=\"\" class=\"rl-gallery-link\" data-rl_caption=\"\" data-rel=\"lightbox-gallery-1\"><img loading=\"lazy\" decoding=\"async\" width=\"300\" height=\"212\" src=\"https:\/\/planmur.com.br\/wp-content\/uploads\/2018\/07\/PLMB_2015_06-300x212.jpg\" class=\"attachment-medium size-medium\" alt=\"\" srcset=\"https:\/\/planmur.com.br\/wp-content\/uploads\/2018\/07\/PLMB_2015_06-300x212.jpg 300w, https:\/\/planmur.com.br\/wp-content\/uploads\/2018\/07\/PLMB_2015_06.jpg 700w\" sizes=\"auto, (max-width: 300px) 100vw, 300px\" \/><\/a>\n\t\t\t<\/div><\/figure>\n\t\t<\/div>\n<\/p>\n<p style=\"text-align: justify;\"><span style=\"font-family: helvetica, arial, sans-serif; font-size: 14px;\"><strong>Descri\u00e7\u00e3o:<\/strong> <\/span><\/p>\n<p style=\"text-align: justify;\"><span style=\"font-family: helvetica, arial, sans-serif; font-size: 14px;\">A realiza\u00e7\u00e3o da Revis\u00e3o do Plano Diretor da Est\u00e2ncia Balne\u00e1ria de Ilhabela, munic\u00edpio que integra o litoral norte paulista contou com com o trabalho conjunto do Instituto de Mobilidade Verde que realizou concomitantemente o Plano de Mobilidade Municipal e participou de todas as 17 oficinas que integraram a Leitura Comunit\u00e1ria fruto de um amplo processo de debates.<br \/>\nO plano manteve as fortes restri\u00e7\u00f5es a verticaliza\u00e7\u00e3o, incorporando ademais, instrumentos que inibissem a condominiza\u00e7\u00e3o de forma irrestrita. Al\u00e9m disso, foi influenciado pelo Plano de Manejo do Parque Estadual de Ilhabela que ocupa cerca de 75% do territ\u00f3rio municipal.<br \/>\nO desafio se centrou no esfor\u00e7o de se potencializar os aspectos tur\u00edsticos de Ilhabela sem, no entanto, produzir uma cidade mais excludente e a merc\u00ea do interesse exclusivamente imobili\u00e1rio. <\/span><\/p>\n<p><span style=\"font-family: helvetica, arial, sans-serif; font-size: 14px;\"><strong>Localiza\u00e7\u00e3o: <\/strong>ILHABELA- SP<\/span><\/p>\n<p><span style=\"font-family: helvetica, arial, sans-serif; font-size: 14px;\"><strong>Contratante:<\/strong> Prefeitura Municipal da Est\u00e2ncia Balne\u00e1ria de Ilhabela<br \/>\n<\/span><\/p>\n<p><span style=\"font-family: helvetica, arial, sans-serif; font-size: 14px;\"><strong>Elabora\u00e7\u00e3o:<\/strong> Abril\/2015<br \/>\n<\/span><\/p>\n<p><span style=\"font-family: helvetica, arial, sans-serif; font-size: 14px;\"><strong>Aprova\u00e7\u00e3o:<\/strong> Outubro\/2016<br \/>\n<\/span><\/p>\n<p><span style=\"font-family: helvetica, arial, sans-serif; font-size: 14px;\"><strong>RTT :<\/strong> 3853619<br \/>\n<\/span><\/p>\n<p><span style=\"font-family: helvetica, arial, sans-serif; font-size: 14px;\"><strong>C\u00f3d Planmur:<\/strong> 119-2015<br \/>\n<\/span><\/p>\n<p><span style=\"font-family: helvetica, arial, sans-serif; font-size: 14px;\"><strong>ATESTADO:<\/strong> Para baixar o atestado emitido pelo Conselho de Arquitetura e Urbanismo <a href=\"http:\/\/planmur.com.br\/wp-content\/uploads\/2018\/07\/Certid\u00e3o-312593.pdf\" target=\"_blank\" rel=\"noopener\">clique aqui<\/a>.<br \/>\n<\/span><\/p>\n<\/div><\/div><\/div><div id=\"pgc-708-0-2\"  class=\"panel-grid-cell panel-grid-cell-empty\" ><\/div><\/div><\/div>","protected":false},"excerpt":{"rendered":"<p>001 Revis\u00e3o do Plano Diretor da Est\u00e2ncia Balne\u00e1ria de Ilhabela Descri\u00e7\u00e3o: A realiza\u00e7\u00e3o da Revis\u00e3o do Plano Diretor da Est\u00e2ncia Balne\u00e1ria de Ilhabela, munic\u00edpio que integra o litoral norte paulista contou com com o trabalho conjunto do Instituto de Mobilidade<\/p>\n","protected":false},"author":1,"featured_media":0,"parent":0,"menu_order":350,"comment_status":"closed","ping_status":"closed","template":"","meta":{"footnotes":""},"class_list":["post-708","page","type-page","status-publish","hentry"],"_links":{"self":[{"href":"https:\/\/planmur.com.br\/index.php?rest_route=\/wp\/v2\/pages\/708","targetHints":{"allow":["GET"]}}],"collection":[{"href":"https:\/\/planmur.com.br\/index.php?rest_route=\/wp\/v2\/pages"}],"about":[{"href":"https:\/\/planmur.com.br\/index.php?rest_route=\/wp\/v2\/types\/page"}],"author":[{"embeddable":true,"href":"https:\/\/planmur.com.br\/index.php?rest_route=\/wp\/v2\/users\/1"}],"replies":[{"embeddable":true,"href":"https:\/\/planmur.com.br\/index.php?rest_route=%2Fwp%2Fv2%2Fcomments&post=708"}],"version-history":[{"count":7,"href":"https:\/\/planmur.com.br\/index.php?rest_route=\/wp\/v2\/pages\/708\/revisions"}],"predecessor-version":[{"id":719,"href":"https:\/\/planmur.com.br\/index.php?rest_route=\/wp\/v2\/pages\/708\/revisions\/719"}],"wp:attachment":[{"href":"https:\/\/planmur.com.br\/index.php?rest_route=%2Fwp%2Fv2%2Fmedia&parent=708"}],"curies":[{"name":"wp","href":"https:\/\/api.w.org\/{rel}","templated":true}]}}