{"id":697,"date":"2018-08-01T14:55:04","date_gmt":"2018-08-01T17:55:04","guid":{"rendered":"http:\/\/planmur.com.br\/?page_id=697"},"modified":"2018-08-01T15:12:12","modified_gmt":"2018-08-01T18:12:12","slug":"prs2013","status":"publish","type":"page","link":"https:\/\/planmur.com.br\/?page_id=697","title":{"rendered":"PRS2013"},"content":{"rendered":"<div id=\"pl-697\"  class=\"panel-layout\" ><div id=\"pg-697-0\"  class=\"panel-grid panel-no-style\" ><div id=\"pgc-697-0-0\"  class=\"panel-grid-cell panel-grid-cell-empty\" ><\/div><div id=\"pgc-697-0-1\"  class=\"panel-grid-cell panel-grid-cell-mobile-last\" ><div id=\"panel-697-0-1-0\" class=\"so-panel widget widget_sow-editor panel-first-child panel-last-child\" data-index=\"0\" ><div\n\t\t\t\n\t\t\tclass=\"so-widget-sow-editor so-widget-sow-editor-base\"\n\t\t\t\n\t\t>\n<div class=\"siteorigin-widget-tinymce textwidget\">\n\t<p><img loading=\"lazy\" decoding=\"async\" class=\"alignnone size-full wp-image-701\" src=\"http:\/\/planmur.com.br\/wp-content\/uploads\/2018\/08\/TIT_PR_2013.jpg\" alt=\"\" width=\"971\" height=\"38\" srcset=\"https:\/\/planmur.com.br\/wp-content\/uploads\/2018\/08\/TIT_PR_2013.jpg 971w, https:\/\/planmur.com.br\/wp-content\/uploads\/2018\/08\/TIT_PR_2013-300x12.jpg 300w, https:\/\/planmur.com.br\/wp-content\/uploads\/2018\/08\/TIT_PR_2013-768x30.jpg 768w\" sizes=\"auto, (max-width: 971px) 100vw, 971px\" \/><br \/><span style=\"font-family: helvetica, arial, sans-serif;\"><strong>001 Revis\u00e3o do Plano Diretor do Munic\u00edpio de Ara\u00e7oiaba da Serra e demais Legisla\u00e7\u00f5es Urban\u00edsticas<br \/><\/strong><\/span><\/p>\n<div id='gallery-1' class='gallery galleryid-697 gallery-columns-2 gallery-size-medium'><figure class='gallery-item'>\n\t\t\t<div class='gallery-icon landscape'>\n\t\t\t\t<a href='https:\/\/planmur.com.br\/wp-content\/uploads\/2018\/07\/FIG_PLMB_02.jpg' title=\"\" data-rl_title=\"\" class=\"rl-gallery-link\" data-rl_caption=\"\" data-rel=\"lightbox-gallery-1\"><img loading=\"lazy\" decoding=\"async\" width=\"300\" height=\"183\" src=\"https:\/\/planmur.com.br\/wp-content\/uploads\/2018\/07\/FIG_PLMB_02-300x183.jpg\" class=\"attachment-medium size-medium\" alt=\"\" srcset=\"https:\/\/planmur.com.br\/wp-content\/uploads\/2018\/07\/FIG_PLMB_02-300x183.jpg 300w, https:\/\/planmur.com.br\/wp-content\/uploads\/2018\/07\/FIG_PLMB_02.jpg 700w\" sizes=\"auto, (max-width: 300px) 100vw, 300px\" \/><\/a>\n\t\t\t<\/div><\/figure><figure class='gallery-item'>\n\t\t\t<div class='gallery-icon landscape'>\n\t\t\t\t<a href='https:\/\/planmur.com.br\/wp-content\/uploads\/2018\/07\/FIG_PLMB_03.jpg' title=\"\" data-rl_title=\"\" class=\"rl-gallery-link\" data-rl_caption=\"\" data-rel=\"lightbox-gallery-1\"><img loading=\"lazy\" decoding=\"async\" width=\"300\" height=\"183\" src=\"https:\/\/planmur.com.br\/wp-content\/uploads\/2018\/07\/FIG_PLMB_03-300x183.jpg\" class=\"attachment-medium size-medium\" alt=\"\" srcset=\"https:\/\/planmur.com.br\/wp-content\/uploads\/2018\/07\/FIG_PLMB_03-300x183.jpg 300w, https:\/\/planmur.com.br\/wp-content\/uploads\/2018\/07\/FIG_PLMB_03.jpg 700w\" sizes=\"auto, (max-width: 300px) 100vw, 300px\" \/><\/a>\n\t\t\t<\/div><\/figure>\n\t\t<\/div>\n\n<p><span style=\"font-family: helvetica, arial, sans-serif; font-size: 14px;\"><strong>Descri\u00e7\u00e3o:<\/strong> <\/span><\/p>\n<p style=\"text-align: justify;\"><span style=\"font-family: helvetica, arial, sans-serif; font-size: 14px;\">Em parceria com o Ruaviva - Instituto da Mobilidade Sustent\u00e1vel elaboramos o Plano Diretor e revis\u00e3o das demais legisla\u00e7\u00f5es urban\u00edsticas de Ara\u00e7oiaba da Serra, munic\u00edpio de cerca de 28 mil habitantes (dados da \u00e9poca) localizado pr\u00f3ximo a Sorocaba.<br \/>O processo contou com grande iniciativa do poder executivo e com farta disposi\u00e7\u00e3o da sociedade civil na participa\u00e7\u00e3o popular.<br \/>Entre os instrumentos urban\u00edsticos aplicados na legisla\u00e7\u00e3o, destacam-se as limita\u00e7\u00f5es a implanta\u00e7\u00e3o de condom\u00ednio e a taxa de solidariedade em parcelamentos de ch\u00e1caras, vinculados a uma pol\u00edtica de incentivo \u00e0 agricultura familiar desenvolvida ent\u00e3o pela municipalidade. <\/span><\/p>\n<p><span style=\"font-family: helvetica, arial, sans-serif; font-size: 14px;\"><strong>Localiza\u00e7\u00e3o: <\/strong>Ara\u00e7oiaca da Serra- SP<\/span><\/p>\n<p><span style=\"font-family: helvetica, arial, sans-serif; font-size: 14px;\"><strong>Contratante:<\/strong> Ruaviva - Instituto da Mobilidade Sustent\u00e1vel<br \/><\/span><\/p>\n<p><span style=\"font-family: helvetica, arial, sans-serif; font-size: 14px;\"><strong>Elabora\u00e7\u00e3o:<\/strong> Agosto\/ 2013<\/span><\/p>\n<p><span style=\"font-family: helvetica, arial, sans-serif; font-size: 14px;\"><strong>Aprova\u00e7\u00e3o:<\/strong> Julho\/ 2014<\/span><\/p>\n<p><span style=\"font-family: helvetica, arial, sans-serif; font-size: 14px;\"><strong>RRT :<\/strong> 3535878<br \/><\/span><\/p>\n<p><span style=\"font-family: helvetica, arial, sans-serif; font-size: 14px;\"><strong>C\u00f3d Planmur :<\/strong> Ara\u00e7oiaba<\/span><\/p>\n<p><span style=\"font-family: helvetica, arial, sans-serif; font-size: 14px;\"><strong>ATESTADO :<\/strong> Para baixar o atestado t\u00e9cnico emitido pelo Instituto de Mobilidade Sustent\u00e1vel RUAVIVA <a href=\"http:\/\/planmur.com.br\/wp-content\/uploads\/2018\/07\/Atestado-Rua-Viva-Planmur.pdf\">clique aqui<\/a>.<br \/><\/span><\/p>\n<\/div>\n<\/div><\/div><\/div><div id=\"pgc-697-0-2\"  class=\"panel-grid-cell panel-grid-cell-empty\" ><\/div><\/div><\/div>","protected":false},"excerpt":{"rendered":"<p>001 Revis\u00e3o do Plano Diretor do Munic\u00edpio de Ara\u00e7oiaba da Serra e demais Legisla\u00e7\u00f5es Urban\u00edsticasDescri\u00e7\u00e3o: Em parceria com o Ruaviva &#8211; Instituto da Mobilidade Sustent\u00e1vel elaboramos o Plano Diretor e revis\u00e3o das demais legisla\u00e7\u00f5es urban\u00edsticas de Ara\u00e7oiaba da Serra, munic\u00edpio<\/p>\n","protected":false},"author":1,"featured_media":0,"parent":0,"menu_order":340,"comment_status":"closed","ping_status":"closed","template":"","meta":{"footnotes":""},"class_list":["post-697","page","type-page","status-publish","hentry"],"_links":{"self":[{"href":"https:\/\/planmur.com.br\/index.php?rest_route=\/wp\/v2\/pages\/697","targetHints":{"allow":["GET"]}}],"collection":[{"href":"https:\/\/planmur.com.br\/index.php?rest_route=\/wp\/v2\/pages"}],"about":[{"href":"https:\/\/planmur.com.br\/index.php?rest_route=\/wp\/v2\/types\/page"}],"author":[{"embeddable":true,"href":"https:\/\/planmur.com.br\/index.php?rest_route=\/wp\/v2\/users\/1"}],"replies":[{"embeddable":true,"href":"https:\/\/planmur.com.br\/index.php?rest_route=%2Fwp%2Fv2%2Fcomments&post=697"}],"version-history":[{"count":5,"href":"https:\/\/planmur.com.br\/index.php?rest_route=\/wp\/v2\/pages\/697\/revisions"}],"predecessor-version":[{"id":705,"href":"https:\/\/planmur.com.br\/index.php?rest_route=\/wp\/v2\/pages\/697\/revisions\/705"}],"wp:attachment":[{"href":"https:\/\/planmur.com.br\/index.php?rest_route=%2Fwp%2Fv2%2Fmedia&parent=697"}],"curies":[{"name":"wp","href":"https:\/\/api.w.org\/{rel}","templated":true}]}}