{"id":573,"date":"2018-07-30T10:43:00","date_gmt":"2018-07-30T13:43:00","guid":{"rendered":"http:\/\/planmur.com.br\/?page_id=573"},"modified":"2018-08-01T15:12:49","modified_gmt":"2018-08-01T18:12:49","slug":"planmobs2013","status":"publish","type":"page","link":"https:\/\/planmur.com.br\/?page_id=573","title":{"rendered":"PLANMOBS2013"},"content":{"rendered":"<div id=\"pl-573\"  class=\"panel-layout\" ><div id=\"pg-573-0\"  class=\"panel-grid panel-no-style\" ><div id=\"pgc-573-0-0\"  class=\"panel-grid-cell panel-grid-cell-empty\" ><\/div><div id=\"pgc-573-0-1\"  class=\"panel-grid-cell panel-grid-cell-mobile-last\" ><div id=\"panel-573-0-1-0\" class=\"so-panel widget widget_black-studio-tinymce widget_black_studio_tinymce panel-first-child panel-last-child\" data-index=\"0\" ><div class=\"textwidget\"><p><img loading=\"lazy\" decoding=\"async\" class=\"size-full wp-image-575 alignnone\" src=\"http:\/\/planmur.com.br\/wp-content\/uploads\/2018\/07\/TIT_PLANMOBS_2013.jpg\" alt=\"\" width=\"971\" height=\"38\" srcset=\"https:\/\/planmur.com.br\/wp-content\/uploads\/2018\/07\/TIT_PLANMOBS_2013.jpg 971w, https:\/\/planmur.com.br\/wp-content\/uploads\/2018\/07\/TIT_PLANMOBS_2013-300x12.jpg 300w, https:\/\/planmur.com.br\/wp-content\/uploads\/2018\/07\/TIT_PLANMOBS_2013-768x30.jpg 768w\" sizes=\"auto, (max-width: 971px) 100vw, 971px\" \/><br \/>\n<span style=\"font-family: helvetica, arial, sans-serif;\"><strong>001 Revis\u00e3o de Lei de PGT em Hortol\u00e2ndia<\/strong><\/span><\/p>\n<p><div id='gallery-1' class='gallery galleryid-573 gallery-columns-1 gallery-size-medium'><figure class='gallery-item'>\n\t\t\t<div class='gallery-icon landscape'>\n\t\t\t\t<a href='https:\/\/planmur.com.br\/wp-content\/uploads\/2018\/07\/FIG_PLMB_01.jpg' title=\"\" data-rl_title=\"\" class=\"rl-gallery-link\" data-rl_caption=\"\" data-rel=\"lightbox-gallery-1\"><img loading=\"lazy\" decoding=\"async\" width=\"300\" height=\"234\" src=\"https:\/\/planmur.com.br\/wp-content\/uploads\/2018\/07\/FIG_PLMB_01-300x234.jpg\" class=\"attachment-medium size-medium\" alt=\"\" srcset=\"https:\/\/planmur.com.br\/wp-content\/uploads\/2018\/07\/FIG_PLMB_01-300x234.jpg 300w, https:\/\/planmur.com.br\/wp-content\/uploads\/2018\/07\/FIG_PLMB_01.jpg 700w\" sizes=\"auto, (max-width: 300px) 100vw, 300px\" \/><\/a>\n\t\t\t<\/div><\/figure>\n\t\t<\/div>\n<\/p>\n<p style=\"text-align: justify;\"><span style=\"font-family: helvetica, arial, sans-serif; font-size: 14px;\"><strong>Descri\u00e7\u00e3o:<\/strong> Revis\u00e3o da legisla\u00e7\u00e3o de Polos Geradores de Tr\u00e1fego em Hortol\u00e2ndia, estabelecendo par\u00e2metros claros de an\u00e1lise e de necessidade de elabora\u00e7\u00e3o de Relat\u00f3rio de Impactos de Tr\u00e2nsito (RIT)s.<br \/>\n<\/span><\/p>\n<p><span style=\"font-family: helvetica, arial, sans-serif; font-size: 14px;\"><strong>Localiza\u00e7\u00e3o:<\/strong>Hortol\u00e2ndia- SP<\/span><\/p>\n<p><span style=\"font-family: helvetica, arial, sans-serif; font-size: 14px;\"><strong>Contratante:<\/strong> Prefeitura Municipal de Hortol\u00e2ndia<br \/>\n<\/span><\/p>\n<p><span style=\"font-family: helvetica, arial, sans-serif; font-size: 14px;\"><strong>Elabora\u00e7\u00e3o:<\/strong> Setembro\/ 2013<\/span><\/p>\n<p><span style=\"font-family: helvetica, arial, sans-serif; font-size: 14px;\"><strong>Aprova\u00e7\u00e3o:<\/strong> Dezembro\/ 2013<\/span><\/p>\n<p><span style=\"font-family: helvetica, arial, sans-serif; font-size: 14px;\"><strong>C\u00f3d Planmur :<\/strong> 136-2013<\/span><\/p>\n<p>&nbsp;<\/p>\n<\/div><\/div><\/div><div id=\"pgc-573-0-2\"  class=\"panel-grid-cell panel-grid-cell-empty\" ><\/div><\/div><\/div>","protected":false},"excerpt":{"rendered":"<p>001 Revis\u00e3o de Lei de PGT em Hortol\u00e2ndia Descri\u00e7\u00e3o: Revis\u00e3o da legisla\u00e7\u00e3o de Polos Geradores de Tr\u00e1fego em Hortol\u00e2ndia, estabelecendo par\u00e2metros claros de an\u00e1lise e de necessidade de elabora\u00e7\u00e3o de Relat\u00f3rio de Impactos de Tr\u00e2nsito (RIT)s. Localiza\u00e7\u00e3o:Hortol\u00e2ndia- SP Contratante: Prefeitura<\/p>\n","protected":false},"author":2,"featured_media":0,"parent":0,"menu_order":130,"comment_status":"closed","ping_status":"closed","template":"","meta":{"footnotes":""},"class_list":["post-573","page","type-page","status-publish","hentry"],"_links":{"self":[{"href":"https:\/\/planmur.com.br\/index.php?rest_route=\/wp\/v2\/pages\/573","targetHints":{"allow":["GET"]}}],"collection":[{"href":"https:\/\/planmur.com.br\/index.php?rest_route=\/wp\/v2\/pages"}],"about":[{"href":"https:\/\/planmur.com.br\/index.php?rest_route=\/wp\/v2\/types\/page"}],"author":[{"embeddable":true,"href":"https:\/\/planmur.com.br\/index.php?rest_route=\/wp\/v2\/users\/2"}],"replies":[{"embeddable":true,"href":"https:\/\/planmur.com.br\/index.php?rest_route=%2Fwp%2Fv2%2Fcomments&post=573"}],"version-history":[{"count":23,"href":"https:\/\/planmur.com.br\/index.php?rest_route=\/wp\/v2\/pages\/573\/revisions"}],"predecessor-version":[{"id":707,"href":"https:\/\/planmur.com.br\/index.php?rest_route=\/wp\/v2\/pages\/573\/revisions\/707"}],"wp:attachment":[{"href":"https:\/\/planmur.com.br\/index.php?rest_route=%2Fwp%2Fv2%2Fmedia&parent=573"}],"curies":[{"name":"wp","href":"https:\/\/api.w.org\/{rel}","templated":true}]}}